*b + 103. Calculate the highest common factor of 66 and b.
22
Suppose 2*j - 3*n - 54 = 0, 4*n = -0*j - 2*j + 40. Let i(f) = 2*f**2 + 9*f - 8. Let k be i(1). What is the greatest common factor of k and j?
3
Suppose -2*m + 134 = 2*l, -l - 5*m + 102 = 27. Let c = -31 + l. What is the greatest common divisor of 68 and c?
34
Suppose 483 = 26*t - 11. Calculate the highest common divisor of 152 and t.
19
Let v = 88 - -66. Suppose -5*d + 5 = 3*o - 117, -68 = -4*d + 5*o. What is the greatest common factor of d and v?
22
Let v(x) = -x**3 - 11*x**2 - 10*x + 4. Let q be v(-10). Let y(j) = 3*j**2 - 6*j - 11. Let l be y(q). What is the greatest common divisor of l and 65?
13
Suppose 0 = 2*d - 4, 5*w - 2*d - 78 - 8 = 0. Calculate the greatest common factor of 96 and w.
6
Suppose 5*n - 113 = -y - 43, -2*n = -3*y - 28. Calculate the greatest common divisor of n and 847.
7
Suppose 30 = v + 5*a, -5*a = -4*v - 4 - 1. Let i(c) = -2 - 4*c - v*c - c**2 + 2*c. Let b be i(-6). Calculate the greatest common divisor of 20 and b.
4
Let k(d) = -d**3 - 5*d**2 - 2*d. Let w be k(-5). Let q = 232 + -62. Calculate the highest common factor of q and w.
10
Let r = -413 - -425. What is the highest common factor of r and 108?
12
Suppose -223*j = -203*j - 960. Let z be 26 - ((-2)/(-2) + 1). Calculate the greatest common divisor of z and j.
24
Let l be (-2 + 2 + 0)/(-3). Suppose 4*c + l*c = 216. Let g(d) = d**3 + 9*d**2 - 23*d + 16. Let p be g(-11). Calculate the highest common factor of p and c.
27
Suppose 4*n - i - 285 = 455, -3*i - 370 = -2*n. Let w = n - 109. What is the highest common divisor of w and 19?
19
Let d = 26 - 20. Let v(x) = -x**2 + 6*x + 3. Let b be v(d). What is the highest common divisor of b and 27?
3
Suppose 0 = 15*a + a - 3472. Calculate the highest common divisor of a and 7.
7
Suppose 17*k = 21*k - 44. Suppose -4*b + 5 + k = 0. What is the greatest common divisor of b and 8?
4
Suppose 44 = 3*o + 2*a, 2*o = -3*a + 89 - 68. Calculate the highest common divisor of 1278 and o.
18
Let s(i) = 2*i**2 - 16*i - 6. Let a be s(7). Let f = a + 25. Suppose -5*u + 280 = f*n, 3*n - 153 - 19 = -5*u. Calculate the highest common factor of 6 and n.
6
Let m be -2 - (3 + -2 + -9). Let a be 48/(-40)*(-10)/3. Calculate the highest common divisor of a and m.
2
Let z = -32 + 40. Suppose -10*x = -z*x - 6. What is the greatest common factor of x and 21?
3
Let b = 308 - 155. Let j be (-14 - (-426)/30)/((-2)/(-170)). Calculate the highest common factor of j and b.
17
Suppose 4*m - m = -3*n + 12, -3*n = -6. Suppose 5 = -m*l + 7*l. Suppose -l = -2*g + 7. What is the greatest common factor of 8 and g?
4
Let c(f) = -19*f - 239. Let l be c(-14). What is the greatest common factor of 81 and l?
27
Let y(t) = -t**2 - 15*t + 7. Let j = -21 + 11. Let p be y(j). Suppose -3 - p = -5*o. What is the highest common divisor of 12 and o?
12
Let a(p) = p**3 + 6*p**2 + 6*p + 8. Let f(c) = 2*c**3 + 2*c**2 - c + 1. Let o be f(-2). Let b be a(o). What is the highest common factor of 15 and b?
3
Let f(k) = -6*k + 4. Let x be f(3). Let v = 11 + x. Let t be 42/(-9)*v/2. Calculate the greatest common factor of 49 and t.
7
Let j be 945 + (1*-6 - (12 - 18)). Calculate the highest common factor of j and 21.
21
Let n(c) = c**3 - 7*c**2 - c - 36. Let a be n(8). Calculate the highest common factor of a and 430.
10
Let q = 3 + -11. Let t = -8 - q. Suppose t = z + 3*z - 5*a + 12, -2 = -5*z + 2*a. Calculate the greatest common divisor of 1 and z.
1
Let i be (8/(-5))/(2/(-15)). Suppose z - 49 = 11. What is the highest common divisor of i and z?
12
Let u be 11/(-2)*6/(-3). Let x = u + 6. Calculate the highest common divisor of 51 and x.
17
Suppose -275 = -3*l + c, -2*l + 255 = l + 3*c. Suppose 0 = -f + 5*t + 15, -4*f + 136 = -5*t + 31. Calculate the greatest common divisor of f and l.
30
Suppose -3*x = -4*u + 89, 23 = 5*u - 4*x - 89. Calculate the greatest common factor of u and 15.
5
Let h be 812/348 - 16/(-6). Calculate the highest common factor of h and 235.
5
Suppose 0 = 3*o + 2 + 52. Let d be 2*(-35)/20*o. Calculate the greatest common factor of d and 42.
21
Let s be 3*(-4 + 0 - -9). Calculate the greatest common factor of s and 120.
15
Suppose 112*s = 111*s + 171. Calculate the highest common factor of s and 456.
57
Let z(i) = -12*i - 297. Let m be z(-46). What is the highest common divisor of m and 102?
51
Suppose g = 2*g - 120. Suppose -z - 4*z = -g. What is the greatest common factor of 60 and z?
12
Suppose -3*n + 256 = 5*l, 2*l - n = 13 + 85. What is the greatest common divisor of 150 and l?
50
Suppose 5*i = -2*o + 150, 13*o - 30 = -i + 17*o. Calculate the highest common factor of i and 285.
15
Suppose l + l = 310. Suppose 0 = 12*p - 674 - 70. What is the highest common divisor of l and p?
31
Let a be (-18)/(-15)*40*2. Let f = -56 + a. Let y = f - -86. Calculate the greatest common factor of 14 and y.
14
Suppose 0 = 2*c - 8*c + 240. Let v = 40 + c. Calculate the highest common factor of 20 and v.
20
Suppose -27*d + 368 + 388 = 0. What is the highest common factor of d and 12?
4
Suppose -4 = 76*z - 74*z, 46 = t - 4*z. Let i be (-2 + -1)*2128/(-21). What is the highest common divisor of i and t?
38
Let o = -12 - -128. Suppose -4*r + o = 4*k, -2*k - 3*k - 3*r + 141 = 0. What is the greatest common divisor of 18 and k?
9
Let i(a) = -a**3 - 14*a**2 + 28*a + 4. Let k be i(-16). What is the greatest common divisor of k and 170?
34
Suppose -3*o - 10 = -13, 280 = 4*v + 4*o. What is the greatest common factor of v and 92?
23
Suppose 0 = -3*b - 2*b + 400. Let x be 72/(-12)*(-8)/(-3). Let k be (x - -14)/((-1)/(-20)*-2). What is the greatest common divisor of b and k?
20
Suppose 2*m = 30*m - 7140. What is the greatest common factor of 6 and m?
3
Let q be 81/(-36)*-7*(0 + 12). Calculate the greatest common factor of q and 54.
27
Let p = 2061 + -1931. Calculate the greatest common factor of 624 and p.
26
Let g(k) = -3*k**3 - 25*k**2 + 14*k - 16. Let b be g(-9). Let t(x) = -3*x + 2. Let h be t(-6). Calculate the highest common divisor of h and b.
20
Let y(n) = 3*n - 9. Suppose 5*a = 46 - 16. Suppose -5*o + a*t - t = -45, 9 = -4*o - 5*t. Let c be y(o). What is the greatest common factor of 21 and c?
3
Let a(g) = g**3 + 10*g**2 - 19*g - 14. Let n be a(-11). Calculate the greatest common divisor of 666 and n.
74
Suppose -3*n = -2*g - 14 - 0, -18 = -2*g - 5*n. Let f be (-1)/(1/g)*80/5. Calculate the greatest common factor of 56 and f.
8
Suppose 6*l - l - 75 = 0. Let t be 1/(1/(l + 2)). Let r(x) = x**2 - x + 153. Let d be r(0). What is the greatest common divisor of t and d?
17
Let k(v) = 2*v + 15. Let g be k(0). Let z = -3 + g. Let d(a) = -a**2 + 13*a - 5. Let x be d(z). What is the greatest common divisor of x and 56?
7
Suppose -19*j + 17*j - 88 = -3*u, -73 = -3*u - j. What is the highest common divisor of u and 260?
26
Let d = 65 + -61. Suppose 3*r - 40 = -0*r - m, r = d*m + 22. What is the highest common factor of 42 and r?
14
Suppose -h + j + 2*j = 11, j - 9 = -5*h. Let x = 21 - h. Suppose q + 3*q - 80 = 0. Calculate the greatest common divisor of x and q.
20
Let q(p) = p**3 - 10*p**2 + 27*p - 73. Let j be q(11). Calculate the highest common divisor of 15 and j.
15
Suppose -2*j + 173 + 149 = 0. Calculate the greatest common divisor of 69 and j.
23
Let w = -494 + 507. Let d be 22/8 + (-1)/(-4). Suppose d*j = 5*x + 361, -4*j - j = -x - 587. What is the greatest common factor of w and j?
13
Let v(a) = -a + 17. Let f(r) = r**2 - 6*r + 7. Let g be f(7). Let o be v(g). Let t be (10/(-6))/(o/(-9)). Calculate the greatest common divisor of t and 55.
5
Suppose -3*q = -3*k - 2751, 3*q + 5*k = k + 2716. Calculate the greatest common divisor of q and 48.
48
Let c be (-2)/(-5) + 18/5. Let j = 758 - 722. What is the greatest common divisor of j and c?
4
Let f(c) = -4*c + 5. Let d be f(-4). Calculate the highest common divisor of d and 84.
21
Suppose 21*k - 256 = -11*k. Calculate the highest common divisor of k and 232.
8
Let l = -1278 + 1366. Calculate the greatest common divisor of l and 198.
22
Suppose 0 = -9*c + c + 40. Suppose 69 = 4*v - u, -2*v - 3*u + u = -42. Let b be 102/v + 2/(-3). Calculate the greatest common factor of c and b.
5
Let x(w) = 4*w - 47. Let y be x(38). Calculate the greatest common divisor of y and 7.
7
Suppose -8